{"id":5121,"date":"2025-06-10T23:49:52","date_gmt":"2025-06-10T23:49:52","guid":{"rendered":"https:\/\/geisamexico.com\/?post_type=product&#038;p=5121"},"modified":"2025-06-10T23:49:52","modified_gmt":"2025-06-10T23:49:52","slug":"guante-de-operador","status":"publish","type":"product","link":"https:\/\/geisamexico.com\/?product=guante-de-operador","title":{"rendered":"Guante de operador"},"content":{"rendered":"","protected":false},"excerpt":{"rendered":"<p class=\"p1\">Se utilizan como equipo especial, para evitar lesiones en las manos de los trabajadores de acuerdo con el riesgo de sus actividades laborales; su aplicaci\u00f3n es para actividades como electricistas, linieros, maniobristas, etc. En general para trabajos donde se requiera m\u00e1xima sensibilidad ya que su dise\u00f1o es ergon\u00f3mico brindando un ajuste a la mano que permite manejar herramientas y piezas muy peque\u00f1as sin dejar de proporcionar protecci\u00f3n.<\/p>\n","protected":false},"featured_media":5122,"template":"","meta":{"content-type":""},"product_brand":[],"product_cat":[25],"product_tag":[],"class_list":{"0":"post-5121","1":"product","2":"type-product","3":"status-publish","4":"has-post-thumbnail","6":"product_cat-proteccion-para-manos","8":"first","9":"instock","10":"shipping-taxable","11":"purchasable","12":"product-type-simple"},"_links":{"self":[{"href":"https:\/\/geisamexico.com\/index.php?rest_route=\/wp\/v2\/product\/5121","targetHints":{"allow":["GET"]}}],"collection":[{"href":"https:\/\/geisamexico.com\/index.php?rest_route=\/wp\/v2\/product"}],"about":[{"href":"https:\/\/geisamexico.com\/index.php?rest_route=\/wp\/v2\/types\/product"}],"version-history":[{"count":1,"href":"https:\/\/geisamexico.com\/index.php?rest_route=\/wp\/v2\/product\/5121\/revisions"}],"predecessor-version":[{"id":5123,"href":"https:\/\/geisamexico.com\/index.php?rest_route=\/wp\/v2\/product\/5121\/revisions\/5123"}],"wp:featuredmedia":[{"embeddable":true,"href":"https:\/\/geisamexico.com\/index.php?rest_route=\/wp\/v2\/media\/5122"}],"wp:attachment":[{"href":"https:\/\/geisamexico.com\/index.php?rest_route=%2Fwp%2Fv2%2Fmedia&parent=5121"}],"wp:term":[{"taxonomy":"product_brand","embeddable":true,"href":"https:\/\/geisamexico.com\/index.php?rest_route=%2Fwp%2Fv2%2Fproduct_brand&post=5121"},{"taxonomy":"product_cat","embeddable":true,"href":"https:\/\/geisamexico.com\/index.php?rest_route=%2Fwp%2Fv2%2Fproduct_cat&post=5121"},{"taxonomy":"product_tag","embeddable":true,"href":"https:\/\/geisamexico.com\/index.php?rest_route=%2Fwp%2Fv2%2Fproduct_tag&post=5121"}],"curies":[{"name":"wp","href":"https:\/\/api.w.org\/{rel}","templated":true}]}}