{"id":5115,"date":"2025-06-10T23:41:23","date_gmt":"2025-06-10T23:41:23","guid":{"rendered":"https:\/\/geisamexico.com\/?post_type=product&#038;p=5115"},"modified":"2025-06-10T23:41:23","modified_gmt":"2025-06-10T23:41:23","slug":"guante-de-carnaza-de-puno-largo","status":"publish","type":"product","link":"https:\/\/geisamexico.com\/?product=guante-de-carnaza-de-puno-largo","title":{"rendered":"Guante de carnaza de pu\u00f1o largo"},"content":{"rendered":"","protected":false},"excerpt":{"rendered":"<p>Fabricado con carnaza curtida al cromo engrasada con aceites minerales y vegetales para dar mayor suavidad, con un espesor de 1.6ml y cosido con hilo de algod\u00f3n poli\u00e9ster, recomendado para facilitar la operaci\u00f3n del soldador.<\/p>\n","protected":false},"featured_media":5116,"template":"","meta":{"content-type":""},"product_brand":[],"product_cat":[25],"product_tag":[],"class_list":{"0":"post-5115","1":"product","2":"type-product","3":"status-publish","4":"has-post-thumbnail","6":"product_cat-proteccion-para-manos","8":"first","9":"instock","10":"shipping-taxable","11":"purchasable","12":"product-type-simple"},"_links":{"self":[{"href":"https:\/\/geisamexico.com\/index.php?rest_route=\/wp\/v2\/product\/5115","targetHints":{"allow":["GET"]}}],"collection":[{"href":"https:\/\/geisamexico.com\/index.php?rest_route=\/wp\/v2\/product"}],"about":[{"href":"https:\/\/geisamexico.com\/index.php?rest_route=\/wp\/v2\/types\/product"}],"version-history":[{"count":1,"href":"https:\/\/geisamexico.com\/index.php?rest_route=\/wp\/v2\/product\/5115\/revisions"}],"predecessor-version":[{"id":5117,"href":"https:\/\/geisamexico.com\/index.php?rest_route=\/wp\/v2\/product\/5115\/revisions\/5117"}],"wp:featuredmedia":[{"embeddable":true,"href":"https:\/\/geisamexico.com\/index.php?rest_route=\/wp\/v2\/media\/5116"}],"wp:attachment":[{"href":"https:\/\/geisamexico.com\/index.php?rest_route=%2Fwp%2Fv2%2Fmedia&parent=5115"}],"wp:term":[{"taxonomy":"product_brand","embeddable":true,"href":"https:\/\/geisamexico.com\/index.php?rest_route=%2Fwp%2Fv2%2Fproduct_brand&post=5115"},{"taxonomy":"product_cat","embeddable":true,"href":"https:\/\/geisamexico.com\/index.php?rest_route=%2Fwp%2Fv2%2Fproduct_cat&post=5115"},{"taxonomy":"product_tag","embeddable":true,"href":"https:\/\/geisamexico.com\/index.php?rest_route=%2Fwp%2Fv2%2Fproduct_tag&post=5115"}],"curies":[{"name":"wp","href":"https:\/\/api.w.org\/{rel}","templated":true}]}}