{"id":4999,"date":"2025-06-10T15:17:11","date_gmt":"2025-06-10T15:17:11","guid":{"rendered":"https:\/\/geisamexico.com\/?post_type=product&#038;p=4999"},"modified":"2025-06-10T15:17:11","modified_gmt":"2025-06-10T15:17:11","slug":"arnes-contra-caidas-modelo-411","status":"publish","type":"product","link":"https:\/\/geisamexico.com\/?product=arnes-contra-caidas-modelo-411","title":{"rendered":"Arn\u00e9s contra ca\u00eddas modelo 411"},"content":{"rendered":"","protected":false},"excerpt":{"rendered":"<p class=\"p2\">Dispositivo a base de bandas o correas que se colocan alrededor del cuerpo entre el t\u00f3rax, hombro y piernas. El dise\u00f1o del arn\u00e9s permite distribuir la fuerza de carga en todo el cuerpo. Cuenta con hebillas de conexi\u00f3n r\u00e1pida. Tanto hebillas como anillos cuentan con acabado tropicalizado para brindar una mayor resistencia a la corrosi\u00f3n. El anillo dorsal permite la funci\u00f3n de parar una posible ca\u00edda.<\/p>\n","protected":false},"featured_media":5000,"template":"","meta":{"content-type":""},"product_brand":[],"product_cat":[29],"product_tag":[],"class_list":{"0":"post-4999","1":"product","2":"type-product","3":"status-publish","4":"has-post-thumbnail","6":"product_cat-trabajos-de-altura","8":"first","9":"instock","10":"shipping-taxable","11":"purchasable","12":"product-type-simple"},"_links":{"self":[{"href":"https:\/\/geisamexico.com\/index.php?rest_route=\/wp\/v2\/product\/4999","targetHints":{"allow":["GET"]}}],"collection":[{"href":"https:\/\/geisamexico.com\/index.php?rest_route=\/wp\/v2\/product"}],"about":[{"href":"https:\/\/geisamexico.com\/index.php?rest_route=\/wp\/v2\/types\/product"}],"version-history":[{"count":1,"href":"https:\/\/geisamexico.com\/index.php?rest_route=\/wp\/v2\/product\/4999\/revisions"}],"predecessor-version":[{"id":5002,"href":"https:\/\/geisamexico.com\/index.php?rest_route=\/wp\/v2\/product\/4999\/revisions\/5002"}],"wp:featuredmedia":[{"embeddable":true,"href":"https:\/\/geisamexico.com\/index.php?rest_route=\/wp\/v2\/media\/5000"}],"wp:attachment":[{"href":"https:\/\/geisamexico.com\/index.php?rest_route=%2Fwp%2Fv2%2Fmedia&parent=4999"}],"wp:term":[{"taxonomy":"product_brand","embeddable":true,"href":"https:\/\/geisamexico.com\/index.php?rest_route=%2Fwp%2Fv2%2Fproduct_brand&post=4999"},{"taxonomy":"product_cat","embeddable":true,"href":"https:\/\/geisamexico.com\/index.php?rest_route=%2Fwp%2Fv2%2Fproduct_cat&post=4999"},{"taxonomy":"product_tag","embeddable":true,"href":"https:\/\/geisamexico.com\/index.php?rest_route=%2Fwp%2Fv2%2Fproduct_tag&post=4999"}],"curies":[{"name":"wp","href":"https:\/\/api.w.org\/{rel}","templated":true}]}}