{"id":4995,"date":"2025-06-10T15:13:36","date_gmt":"2025-06-10T15:13:36","guid":{"rendered":"https:\/\/geisamexico.com\/?post_type=product&#038;p=4995"},"modified":"2025-06-10T15:13:36","modified_gmt":"2025-06-10T15:13:36","slug":"arnes-de-suspension-modelo-403","status":"publish","type":"product","link":"https:\/\/geisamexico.com\/?product=arnes-de-suspension-modelo-403","title":{"rendered":"Arn\u00e9s de suspensi\u00f3n modelo 403"},"content":{"rendered":"","protected":false},"excerpt":{"rendered":"<p class=\"p1\">Dispositivo a base de bandas o correas que se colocan alrededor del cuerpo, entre el t\u00f3rax, hombro y piernas. El dise\u00f1o del arn\u00e9s permite distribuir las fuerzas de carga en todo el cuerpo. Dise\u00f1ado con 2 anillos \u201cD\u201d a la cintura para enganchar el cable de posicionamiento a un determinado nivel de altura, lo cual permite que el trabajador labore con manos libres. El anillo dorsal permite parar una posible ca\u00edda. El anillo esternal puede ser utilizado como una detenci\u00f3n de ca\u00eddas alternativa, donde no hay posibilidad de caer en una direcci\u00f3n distinta de los pies por delante. El anillo frontal sirve como conexi\u00f3n ascenso\/descenso de escalera para anti ca\u00eddas guiada donde no hay posibilidad de caer en una direcci\u00f3n distinta de los pies por delante. Las hebillas de conexi\u00f3n r\u00e1pida permiten ajustar el cintur\u00f3n y pierneras. Cuenta con cojines en hombros, cintura y piernas para mayor ergonom\u00eda.<\/p>\n","protected":false},"featured_media":4996,"template":"","meta":{"content-type":""},"product_brand":[],"product_cat":[29],"product_tag":[],"class_list":{"0":"post-4995","1":"product","2":"type-product","3":"status-publish","4":"has-post-thumbnail","6":"product_cat-trabajos-de-altura","8":"first","9":"instock","10":"shipping-taxable","11":"purchasable","12":"product-type-simple"},"_links":{"self":[{"href":"https:\/\/geisamexico.com\/index.php?rest_route=\/wp\/v2\/product\/4995","targetHints":{"allow":["GET"]}}],"collection":[{"href":"https:\/\/geisamexico.com\/index.php?rest_route=\/wp\/v2\/product"}],"about":[{"href":"https:\/\/geisamexico.com\/index.php?rest_route=\/wp\/v2\/types\/product"}],"version-history":[{"count":1,"href":"https:\/\/geisamexico.com\/index.php?rest_route=\/wp\/v2\/product\/4995\/revisions"}],"predecessor-version":[{"id":4998,"href":"https:\/\/geisamexico.com\/index.php?rest_route=\/wp\/v2\/product\/4995\/revisions\/4998"}],"wp:featuredmedia":[{"embeddable":true,"href":"https:\/\/geisamexico.com\/index.php?rest_route=\/wp\/v2\/media\/4996"}],"wp:attachment":[{"href":"https:\/\/geisamexico.com\/index.php?rest_route=%2Fwp%2Fv2%2Fmedia&parent=4995"}],"wp:term":[{"taxonomy":"product_brand","embeddable":true,"href":"https:\/\/geisamexico.com\/index.php?rest_route=%2Fwp%2Fv2%2Fproduct_brand&post=4995"},{"taxonomy":"product_cat","embeddable":true,"href":"https:\/\/geisamexico.com\/index.php?rest_route=%2Fwp%2Fv2%2Fproduct_cat&post=4995"},{"taxonomy":"product_tag","embeddable":true,"href":"https:\/\/geisamexico.com\/index.php?rest_route=%2Fwp%2Fv2%2Fproduct_tag&post=4995"}],"curies":[{"name":"wp","href":"https:\/\/api.w.org\/{rel}","templated":true}]}}