{"id":4969,"date":"2025-06-09T23:51:49","date_gmt":"2025-06-09T23:51:49","guid":{"rendered":"https:\/\/geisamexico.com\/?post_type=product&#038;p=4969"},"modified":"2025-06-09T23:51:49","modified_gmt":"2025-06-09T23:51:49","slug":"polaina-viborera-venom-skold","status":"publish","type":"product","link":"https:\/\/geisamexico.com\/?product=polaina-viborera-venom-skold","title":{"rendered":"Polaina viborera Ven\u00f6m SKOLD"},"content":{"rendered":"","protected":false},"excerpt":{"rendered":"<p class=\"p1\"><span class=\"s1\">Ven\u00f6m<\/span> es la polaina viborera perfecta para ambientes en donde reptiles conviven con las industrias El\u00e9ctricas \u00f3 con ambientes explosivos como gas y petr\u00f3leo. <span class=\"s1\">Ven\u00f6m<\/span> tiene todas las caracter\u00edsticas de comodidad y seguridad con su armadura de policarbonato para evitar picaduras de serpientes, reptiles, espinas y superficies cortantes. Las polainas <span class=\"s1\">Ven\u00f6m<\/span> de <span class=\"s1\">Sk\u00f6ld<\/span> se ajustan a cualquier tipo de calzado y cuentan con un cierre tipo velcro de 2 pulgadas de ancho ofreciendo un cierre y ajuste total adhiri\u00e9ndose al contorno de la pierna del usuario de tal manera que la flexibilidad de la polaina sea su mayor caracter\u00edstica para el confort y su armadura de policarbonato la garant\u00eda de estar protegido.<\/p>\n","protected":false},"featured_media":4970,"template":"","meta":{"content-type":""},"product_brand":[],"product_cat":[21],"product_tag":[],"class_list":{"0":"post-4969","1":"product","2":"type-product","3":"status-publish","4":"has-post-thumbnail","6":"product_cat-proteccion-corporal","8":"first","9":"instock","10":"shipping-taxable","11":"purchasable","12":"product-type-simple"},"_links":{"self":[{"href":"https:\/\/geisamexico.com\/index.php?rest_route=\/wp\/v2\/product\/4969","targetHints":{"allow":["GET"]}}],"collection":[{"href":"https:\/\/geisamexico.com\/index.php?rest_route=\/wp\/v2\/product"}],"about":[{"href":"https:\/\/geisamexico.com\/index.php?rest_route=\/wp\/v2\/types\/product"}],"version-history":[{"count":1,"href":"https:\/\/geisamexico.com\/index.php?rest_route=\/wp\/v2\/product\/4969\/revisions"}],"predecessor-version":[{"id":4971,"href":"https:\/\/geisamexico.com\/index.php?rest_route=\/wp\/v2\/product\/4969\/revisions\/4971"}],"wp:featuredmedia":[{"embeddable":true,"href":"https:\/\/geisamexico.com\/index.php?rest_route=\/wp\/v2\/media\/4970"}],"wp:attachment":[{"href":"https:\/\/geisamexico.com\/index.php?rest_route=%2Fwp%2Fv2%2Fmedia&parent=4969"}],"wp:term":[{"taxonomy":"product_brand","embeddable":true,"href":"https:\/\/geisamexico.com\/index.php?rest_route=%2Fwp%2Fv2%2Fproduct_brand&post=4969"},{"taxonomy":"product_cat","embeddable":true,"href":"https:\/\/geisamexico.com\/index.php?rest_route=%2Fwp%2Fv2%2Fproduct_cat&post=4969"},{"taxonomy":"product_tag","embeddable":true,"href":"https:\/\/geisamexico.com\/index.php?rest_route=%2Fwp%2Fv2%2Fproduct_tag&post=4969"}],"curies":[{"name":"wp","href":"https:\/\/api.w.org\/{rel}","templated":true}]}}