{"id":4943,"date":"2025-06-09T23:21:55","date_gmt":"2025-06-09T23:21:55","guid":{"rendered":"https:\/\/geisamexico.com\/?post_type=product&#038;p=4943"},"modified":"2025-06-09T23:21:55","modified_gmt":"2025-06-09T23:21:55","slug":"mandil-de-mezclilla-de-60-x-90","status":"publish","type":"product","link":"https:\/\/geisamexico.com\/?product=mandil-de-mezclilla-de-60-x-90","title":{"rendered":"Mandil de mezclilla de 60 x 90"},"content":{"rendered":"","protected":false},"excerpt":{"rendered":"<p><strong>Caracter\u00edsticas:<\/strong><\/p>\n<ul>\n<li>Hecho de mezclilla bastillada 50% algod\u00f3n 50% poli\u00e9ster de 10oz.<\/li>\n<li>Dos bolsas amplias al frente.<\/li>\n<li>Medidas 60X90 cm.<\/li>\n<li>Cintas de sost\u00e9n y amarre de mezclilla de 3\u20444\u201d.<\/li>\n<li>Ideal para protecci\u00f3n de la ropa al contacto contra polvos, alimentos, granos, cemento y muchos m\u00e1s productos no t\u00f3xicos.<\/li>\n<\/ul>\n","protected":false},"featured_media":4944,"template":"","meta":{"content-type":""},"product_brand":[],"product_cat":[21],"product_tag":[],"class_list":{"0":"post-4943","1":"product","2":"type-product","3":"status-publish","4":"has-post-thumbnail","6":"product_cat-proteccion-corporal","8":"first","9":"instock","10":"shipping-taxable","11":"purchasable","12":"product-type-simple"},"_links":{"self":[{"href":"https:\/\/geisamexico.com\/index.php?rest_route=\/wp\/v2\/product\/4943","targetHints":{"allow":["GET"]}}],"collection":[{"href":"https:\/\/geisamexico.com\/index.php?rest_route=\/wp\/v2\/product"}],"about":[{"href":"https:\/\/geisamexico.com\/index.php?rest_route=\/wp\/v2\/types\/product"}],"version-history":[{"count":1,"href":"https:\/\/geisamexico.com\/index.php?rest_route=\/wp\/v2\/product\/4943\/revisions"}],"predecessor-version":[{"id":4945,"href":"https:\/\/geisamexico.com\/index.php?rest_route=\/wp\/v2\/product\/4943\/revisions\/4945"}],"wp:featuredmedia":[{"embeddable":true,"href":"https:\/\/geisamexico.com\/index.php?rest_route=\/wp\/v2\/media\/4944"}],"wp:attachment":[{"href":"https:\/\/geisamexico.com\/index.php?rest_route=%2Fwp%2Fv2%2Fmedia&parent=4943"}],"wp:term":[{"taxonomy":"product_brand","embeddable":true,"href":"https:\/\/geisamexico.com\/index.php?rest_route=%2Fwp%2Fv2%2Fproduct_brand&post=4943"},{"taxonomy":"product_cat","embeddable":true,"href":"https:\/\/geisamexico.com\/index.php?rest_route=%2Fwp%2Fv2%2Fproduct_cat&post=4943"},{"taxonomy":"product_tag","embeddable":true,"href":"https:\/\/geisamexico.com\/index.php?rest_route=%2Fwp%2Fv2%2Fproduct_tag&post=4943"}],"curies":[{"name":"wp","href":"https:\/\/api.w.org\/{rel}","templated":true}]}}