{"id":4910,"date":"2025-06-09T20:03:27","date_gmt":"2025-06-09T20:03:27","guid":{"rendered":"https:\/\/geisamexico.com\/?post_type=product&#038;p=4910"},"modified":"2025-06-09T20:03:27","modified_gmt":"2025-06-09T20:03:27","slug":"banderin-triangular-para-tractocamion","status":"publish","type":"product","link":"https:\/\/geisamexico.com\/?product=banderin-triangular-para-tractocamion","title":{"rendered":"Bander\u00edn triangular para tractocami\u00f3n"},"content":{"rendered":"","protected":false},"excerpt":{"rendered":"<ul>\n<li class=\"p1\">Hecha en polietileno de baja densidad, color naranja fluorescente de alta visibilidad.<\/li>\n<li class=\"p1\">R\u00edgido contra el aire y a la vez flexible para no da\u00f1ar objetos en caso de colisi\u00f3n.<\/li>\n<li class=\"p1\">Contiene auditivos como retardante a la flama y protectores contra rayos UV antienvejecimiento.<\/li>\n<li class=\"p1\">Medidas del bander\u00edn: base 23 cm, altura: 40 cm.<\/li>\n<li class=\"p1\">Asta de Fierro galvanizado de 1\/2&#8243; di\u00e1metro y 50 cm de largo.<\/li>\n<li class=\"p1\">Disponibles otros colores sobre pedido.<\/li>\n<\/ul>\n","protected":false},"featured_media":4911,"template":"","meta":{"content-type":""},"product_brand":[],"product_cat":[28],"product_tag":[],"class_list":{"0":"post-4910","1":"product","2":"type-product","3":"status-publish","4":"has-post-thumbnail","6":"product_cat-proteccion-y-vialidad","8":"first","9":"instock","10":"shipping-taxable","11":"purchasable","12":"product-type-simple"},"_links":{"self":[{"href":"https:\/\/geisamexico.com\/index.php?rest_route=\/wp\/v2\/product\/4910","targetHints":{"allow":["GET"]}}],"collection":[{"href":"https:\/\/geisamexico.com\/index.php?rest_route=\/wp\/v2\/product"}],"about":[{"href":"https:\/\/geisamexico.com\/index.php?rest_route=\/wp\/v2\/types\/product"}],"version-history":[{"count":1,"href":"https:\/\/geisamexico.com\/index.php?rest_route=\/wp\/v2\/product\/4910\/revisions"}],"predecessor-version":[{"id":4912,"href":"https:\/\/geisamexico.com\/index.php?rest_route=\/wp\/v2\/product\/4910\/revisions\/4912"}],"wp:featuredmedia":[{"embeddable":true,"href":"https:\/\/geisamexico.com\/index.php?rest_route=\/wp\/v2\/media\/4911"}],"wp:attachment":[{"href":"https:\/\/geisamexico.com\/index.php?rest_route=%2Fwp%2Fv2%2Fmedia&parent=4910"}],"wp:term":[{"taxonomy":"product_brand","embeddable":true,"href":"https:\/\/geisamexico.com\/index.php?rest_route=%2Fwp%2Fv2%2Fproduct_brand&post=4910"},{"taxonomy":"product_cat","embeddable":true,"href":"https:\/\/geisamexico.com\/index.php?rest_route=%2Fwp%2Fv2%2Fproduct_cat&post=4910"},{"taxonomy":"product_tag","embeddable":true,"href":"https:\/\/geisamexico.com\/index.php?rest_route=%2Fwp%2Fv2%2Fproduct_tag&post=4910"}],"curies":[{"name":"wp","href":"https:\/\/api.w.org\/{rel}","templated":true}]}}