{"id":4869,"date":"2025-06-06T20:00:48","date_gmt":"2025-06-06T20:00:48","guid":{"rendered":"https:\/\/geisamexico.com\/?post_type=product&#038;p=4869"},"modified":"2025-06-06T20:00:48","modified_gmt":"2025-06-06T20:00:48","slug":"reductor-de-velocidad-y-cabecero-easy-rider","status":"publish","type":"product","link":"https:\/\/geisamexico.com\/?product=reductor-de-velocidad-y-cabecero-easy-rider","title":{"rendered":"Reductor de velocidad y cabecero Easy Rider"},"content":{"rendered":"","protected":false},"excerpt":{"rendered":"<p class=\"p1\">El tope reductor de velocidad para estacionamiento Easy Rider est\u00e1 manufacturado con hule moldeado por compresi\u00f3n 100% reciclado de llantas de veh\u00edculos ligeros y de carga (NR, SBR) con un prepol\u00edmero de poliuretano, resultando un producto amigable con el medio ambiente, adem\u00e1s de soportar el trabajo para el cual ha sido dise\u00f1ado. Su longitud es de 182 cm (6&#8242;) y est\u00e1 equipado cinta reflejante amarilla moldeada para incrementar su visibilidad.<\/p>\n<p class=\"p1\">Se fabrica un cabecero adicional con el mismo material el cual una vez instalado con el Easy Rider brinda una mayor resistencia al desgaste en sus extremos.<\/p>\n","protected":false},"featured_media":4870,"template":"","meta":{"content-type":""},"product_brand":[],"product_cat":[28],"product_tag":[],"class_list":{"0":"post-4869","1":"product","2":"type-product","3":"status-publish","4":"has-post-thumbnail","6":"product_cat-proteccion-y-vialidad","8":"first","9":"instock","10":"shipping-taxable","11":"purchasable","12":"product-type-simple"},"_links":{"self":[{"href":"https:\/\/geisamexico.com\/index.php?rest_route=\/wp\/v2\/product\/4869","targetHints":{"allow":["GET"]}}],"collection":[{"href":"https:\/\/geisamexico.com\/index.php?rest_route=\/wp\/v2\/product"}],"about":[{"href":"https:\/\/geisamexico.com\/index.php?rest_route=\/wp\/v2\/types\/product"}],"version-history":[{"count":1,"href":"https:\/\/geisamexico.com\/index.php?rest_route=\/wp\/v2\/product\/4869\/revisions"}],"predecessor-version":[{"id":4872,"href":"https:\/\/geisamexico.com\/index.php?rest_route=\/wp\/v2\/product\/4869\/revisions\/4872"}],"wp:featuredmedia":[{"embeddable":true,"href":"https:\/\/geisamexico.com\/index.php?rest_route=\/wp\/v2\/media\/4870"}],"wp:attachment":[{"href":"https:\/\/geisamexico.com\/index.php?rest_route=%2Fwp%2Fv2%2Fmedia&parent=4869"}],"wp:term":[{"taxonomy":"product_brand","embeddable":true,"href":"https:\/\/geisamexico.com\/index.php?rest_route=%2Fwp%2Fv2%2Fproduct_brand&post=4869"},{"taxonomy":"product_cat","embeddable":true,"href":"https:\/\/geisamexico.com\/index.php?rest_route=%2Fwp%2Fv2%2Fproduct_cat&post=4869"},{"taxonomy":"product_tag","embeddable":true,"href":"https:\/\/geisamexico.com\/index.php?rest_route=%2Fwp%2Fv2%2Fproduct_tag&post=4869"}],"curies":[{"name":"wp","href":"https:\/\/api.w.org\/{rel}","templated":true}]}}