{"id":4738,"date":"2025-06-04T21:59:07","date_gmt":"2025-06-04T21:59:07","guid":{"rendered":"https:\/\/geisamexico.com\/?post_type=product&#038;p=4738"},"modified":"2025-06-04T21:59:07","modified_gmt":"2025-06-04T21:59:07","slug":"respirador-contra-material-particulado","status":"publish","type":"product","link":"https:\/\/geisamexico.com\/?product=respirador-contra-material-particulado","title":{"rendered":"Respirador contra material particulado"},"content":{"rendered":"","protected":false},"excerpt":{"rendered":"<p class=\"p1\"><b>Especificaciones (Caracter\u00edsticas T\u00e9cnicas)<\/b><\/p>\n<ul>\n<li class=\"p2\">La innovadora tecnolog\u00eda de medio filtrante electrost\u00e1tico avanzado (MEA), permite una eficiencia en filtraci\u00f3n mayor a 95 %.<\/li>\n<li class=\"p2\">La nueva v\u00e1lvula de exhalaci\u00f3n, <b>Aire Fresco<\/b>, reduce el calor y humedad, lo que ofrece mayor comodidad durante largos per\u00edodos de uso.<\/li>\n<li class=\"p2\">Baja ca\u00edda de presi\u00f3n, que significa baja resistencia al paso del aire, f\u00e1cilita la respiraci\u00f3n y la comunicaci\u00f3n a trav\u00e9s del filtro.<\/li>\n<li class=\"p2\">La nueva laminilla met\u00e1lica en forma de M, para la nariz, permite un ajuste seguro y f\u00e1cil.<\/li>\n<li class=\"p2\">Las bandas en material elastom\u00e9rico resistentes y duraderas, son apropiadas para ambientes calurosos.<\/li>\n<li class=\"p2\">Libre mantenimiento, elimina las tareas de limpieza y cambio de partes.<\/li>\n<li class=\"p2\">Para usarse en concentraciones que no superen la concentraci\u00f3n de 10X T.L.V.<\/li>\n<li class=\"p2\">Aprobado para material part\u00edculado Norma <b>42 CFR 84 NIOSH ( N95) <\/b><span class=\"s1\">y la Norma<\/span> <b>NTC 2561<\/b> <b>(Tipo B).<\/b><\/li>\n<\/ul>\n","protected":false},"featured_media":4739,"template":"","meta":{"content-type":""},"product_brand":[],"product_cat":[18],"product_tag":[],"class_list":{"0":"post-4738","1":"product","2":"type-product","3":"status-publish","4":"has-post-thumbnail","6":"product_cat-equipo-desechable","8":"first","9":"instock","10":"shipping-taxable","11":"purchasable","12":"product-type-simple"},"_links":{"self":[{"href":"https:\/\/geisamexico.com\/index.php?rest_route=\/wp\/v2\/product\/4738","targetHints":{"allow":["GET"]}}],"collection":[{"href":"https:\/\/geisamexico.com\/index.php?rest_route=\/wp\/v2\/product"}],"about":[{"href":"https:\/\/geisamexico.com\/index.php?rest_route=\/wp\/v2\/types\/product"}],"version-history":[{"count":1,"href":"https:\/\/geisamexico.com\/index.php?rest_route=\/wp\/v2\/product\/4738\/revisions"}],"predecessor-version":[{"id":4740,"href":"https:\/\/geisamexico.com\/index.php?rest_route=\/wp\/v2\/product\/4738\/revisions\/4740"}],"wp:featuredmedia":[{"embeddable":true,"href":"https:\/\/geisamexico.com\/index.php?rest_route=\/wp\/v2\/media\/4739"}],"wp:attachment":[{"href":"https:\/\/geisamexico.com\/index.php?rest_route=%2Fwp%2Fv2%2Fmedia&parent=4738"}],"wp:term":[{"taxonomy":"product_brand","embeddable":true,"href":"https:\/\/geisamexico.com\/index.php?rest_route=%2Fwp%2Fv2%2Fproduct_brand&post=4738"},{"taxonomy":"product_cat","embeddable":true,"href":"https:\/\/geisamexico.com\/index.php?rest_route=%2Fwp%2Fv2%2Fproduct_cat&post=4738"},{"taxonomy":"product_tag","embeddable":true,"href":"https:\/\/geisamexico.com\/index.php?rest_route=%2Fwp%2Fv2%2Fproduct_tag&post=4738"}],"curies":[{"name":"wp","href":"https:\/\/api.w.org\/{rel}","templated":true}]}}