{"id":3492,"date":"2025-02-25T18:08:33","date_gmt":"2025-02-25T18:08:33","guid":{"rendered":"https:\/\/geisamexico.com\/?post_type=product&#038;p=3492"},"modified":"2025-02-27T15:46:20","modified_gmt":"2025-02-27T15:46:20","slug":"dz1001-r","status":"publish","type":"product","link":"https:\/\/geisamexico.com\/?product=dz1001-r","title":{"rendered":"Impermeable tipo gabardina largo con reflejante"},"content":{"rendered":"<ul>\n<li>Altamente resistente por su grosor de 0.33mm.<\/li>\n<li>Tiras reflejante de 2 pulgadas en brazos y piernas para ser mas visible en condiciones de poca luz.<\/li>\n<li>Jareta de ajuste en gorro.<\/li>\n<li>Hecho con cierre y solapa para mayor impermeabilidad.<\/li>\n<li>Ventilaci\u00f3n en la espalda para mayor frescura.<\/li>\n<\/ul>\n","protected":false},"excerpt":{"rendered":"<p>&nbsp;<\/p>\n<p>Impermeable largo tipo gabardina fabricado en PVC con soporte de poli\u00e9ster virgen. Excelente protecci\u00f3n en condiciones de lluvia, para trabajos al intemperie o de exposici\u00f3n directa al agua. Sistema de sellado con alta frecuencia. Gorro integrado que cubre toda la cabeza como una sola pieza. Con cord\u00f3n de ajuste. Una bolsa a cada lado del impermeable, as\u00ed como broches de ajuste en cada una de las mu\u00f1ecas. Sus botones son pl\u00e1sticos para evitar oxidaci\u00f3n. Cuenta con ventilaci\u00f3n en espalda y axilas.<br \/>\nCon cinta reflejante de 2 pulgadas en brazos.<\/p>\n<p>&nbsp;<\/p>\n","protected":false},"featured_media":3494,"template":"","meta":{"content-type":""},"product_brand":[],"product_cat":[24],"product_tag":[],"class_list":{"0":"post-3492","1":"product","2":"type-product","3":"status-publish","4":"has-post-thumbnail","6":"product_cat-proteccion-para-la-lluvia","8":"first","9":"instock","10":"shipping-taxable","11":"purchasable","12":"product-type-simple"},"_links":{"self":[{"href":"https:\/\/geisamexico.com\/index.php?rest_route=\/wp\/v2\/product\/3492","targetHints":{"allow":["GET"]}}],"collection":[{"href":"https:\/\/geisamexico.com\/index.php?rest_route=\/wp\/v2\/product"}],"about":[{"href":"https:\/\/geisamexico.com\/index.php?rest_route=\/wp\/v2\/types\/product"}],"version-history":[{"count":1,"href":"https:\/\/geisamexico.com\/index.php?rest_route=\/wp\/v2\/product\/3492\/revisions"}],"predecessor-version":[{"id":3495,"href":"https:\/\/geisamexico.com\/index.php?rest_route=\/wp\/v2\/product\/3492\/revisions\/3495"}],"wp:featuredmedia":[{"embeddable":true,"href":"https:\/\/geisamexico.com\/index.php?rest_route=\/wp\/v2\/media\/3494"}],"wp:attachment":[{"href":"https:\/\/geisamexico.com\/index.php?rest_route=%2Fwp%2Fv2%2Fmedia&parent=3492"}],"wp:term":[{"taxonomy":"product_brand","embeddable":true,"href":"https:\/\/geisamexico.com\/index.php?rest_route=%2Fwp%2Fv2%2Fproduct_brand&post=3492"},{"taxonomy":"product_cat","embeddable":true,"href":"https:\/\/geisamexico.com\/index.php?rest_route=%2Fwp%2Fv2%2Fproduct_cat&post=3492"},{"taxonomy":"product_tag","embeddable":true,"href":"https:\/\/geisamexico.com\/index.php?rest_route=%2Fwp%2Fv2%2Fproduct_tag&post=3492"}],"curies":[{"name":"wp","href":"https:\/\/api.w.org\/{rel}","templated":true}]}}