{"id":2000,"date":"2025-02-15T17:51:58","date_gmt":"2025-02-15T17:51:58","guid":{"rendered":"https:\/\/geisamexico.com\/?post_type=product&#038;p=2000"},"modified":"2025-02-22T20:41:11","modified_gmt":"2025-02-22T20:41:11","slug":"respirador-8210-n95","status":"publish","type":"product","link":"https:\/\/geisamexico.com\/?product=respirador-8210-n95","title":{"rendered":"Respirador 8210 (N95)"},"content":{"rendered":"<h2><strong>Aprobaciones:<\/strong><\/h2>\n<p class=\"p1\">Certificado por (National Institute for Occupational Safety And Health) el NIOSH de Estados Unidos bajo la especificaci\u00f3n N95<\/p>\n<p class=\"p1\">de la norma 42CFR84. Aprobado para protecci\u00f3n respiratoria contra polvos (incluyendo carb\u00f3n, algod\u00f3n, aluminio, trigo y hierro, producidos<\/p>\n<p class=\"p1\">principalmente por la desintegraci\u00f3n de s\u00f3lidos durante procesos industriales tales como: esmerilado, lijado, trituraci\u00f3n y<\/p>\n<p class=\"p1\">procesamiento de minerales y otros materiales) y neblinas a base de l\u00edquidos no aceitosos.<\/p>\n","protected":false},"excerpt":{"rendered":"<p class=\"p1\">El respirador libre de mantenimiento 3M 8210 brinda una efectiva, confortable e higi\u00e9nica protecci\u00f3n respiratoria contra part\u00edculas s\u00f3lidas y l\u00edquidas sin aceite. Es fabricado con un Medio Filtrante Electrost\u00e1tico Avanzado, novedoso sistema de retenci\u00f3n de part\u00edculas que permite mayor eficiencia del filtro con menor ca\u00edda de presi\u00f3n. Su forma convexa, el dise\u00f1o de sus bandas el\u00e1sticas, la espuma de sellado y el clip de aluminio para el ajuste a la nariz aseguran un excelente sello adapt\u00e1ndose a un amplio rango de tama\u00f1os de cara.<\/p>\n","protected":false},"featured_media":3345,"template":"","meta":{"content-type":""},"product_brand":[],"product_cat":[18],"product_tag":[],"class_list":{"0":"post-2000","1":"product","2":"type-product","3":"status-publish","4":"has-post-thumbnail","6":"product_cat-equipo-desechable","8":"first","9":"instock","10":"shipping-taxable","11":"purchasable","12":"product-type-simple"},"_links":{"self":[{"href":"https:\/\/geisamexico.com\/index.php?rest_route=\/wp\/v2\/product\/2000","targetHints":{"allow":["GET"]}}],"collection":[{"href":"https:\/\/geisamexico.com\/index.php?rest_route=\/wp\/v2\/product"}],"about":[{"href":"https:\/\/geisamexico.com\/index.php?rest_route=\/wp\/v2\/types\/product"}],"version-history":[{"count":1,"href":"https:\/\/geisamexico.com\/index.php?rest_route=\/wp\/v2\/product\/2000\/revisions"}],"predecessor-version":[{"id":2002,"href":"https:\/\/geisamexico.com\/index.php?rest_route=\/wp\/v2\/product\/2000\/revisions\/2002"}],"wp:featuredmedia":[{"embeddable":true,"href":"https:\/\/geisamexico.com\/index.php?rest_route=\/wp\/v2\/media\/3345"}],"wp:attachment":[{"href":"https:\/\/geisamexico.com\/index.php?rest_route=%2Fwp%2Fv2%2Fmedia&parent=2000"}],"wp:term":[{"taxonomy":"product_brand","embeddable":true,"href":"https:\/\/geisamexico.com\/index.php?rest_route=%2Fwp%2Fv2%2Fproduct_brand&post=2000"},{"taxonomy":"product_cat","embeddable":true,"href":"https:\/\/geisamexico.com\/index.php?rest_route=%2Fwp%2Fv2%2Fproduct_cat&post=2000"},{"taxonomy":"product_tag","embeddable":true,"href":"https:\/\/geisamexico.com\/index.php?rest_route=%2Fwp%2Fv2%2Fproduct_tag&post=2000"}],"curies":[{"name":"wp","href":"https:\/\/api.w.org\/{rel}","templated":true}]}}